 + m, -4*h + v = 5*z. What is the highest common divisor of 34 and z?
17
Let m = -1601 - -2505. What is the greatest common factor of 24 and m?
8
Let t = 517 + -500. Suppose -672 = 3*c - t*c. Calculate the highest common divisor of c and 10.
2
Let z = 5 - -1. Suppose -7*r = -z*r - 517. Let s = r + -165. What is the greatest common divisor of s and 32?
32
Let d = -37 - -141. Let k be (d/(-65))/((12/10)/(-3)). Let a(f) = -2*f**2 + 8*f + 4. Let l be a(k). Calculate the greatest common divisor of 28 and l.
4
Suppose -7*f - 2446 = 221. Let r = f - -383. What is the highest common divisor of 38 and r?
2
Let l = -4438 - -20374. What is the greatest common divisor of l and 192?
192
Suppose -731951 - 281243 = -91*n. Calculate the highest common factor of n and 38.
38
Suppose -4*t + 8 = -40. Suppose -t*r + 1168 = 4*r. What is the highest common divisor of 146 and r?
73
Let a = 2650 + 2270. Calculate the greatest common factor of a and 41.
41
Suppose 3*s + s - 236 = 0. Let d(v) = 56*v - 1500. Let m be d(31). Calculate the highest common divisor of m and s.
59
Let h = 63 - 29. Suppose -42*q = -2129 - 3583. What is the greatest common divisor of h and q?
34
Suppose 2328 = -31*j + 20990. Let b = j + -592. What is the greatest common divisor of b and 80?
10
Suppose -20*l + 24*l = 16. Suppose 8*s - 3*s + 5*o = -15, l*s - 3*o = 23. Suppose s*c + 9*c = 1023. What is the highest common divisor of c and 31?
31
Let a = -23 - 2. Let h = -19 - a. Let n be (-756)/(-49) - h/14. What is the highest common divisor of 25 and n?
5
Suppose -4*t - 2*z + 402 = 0, 5*t + 28*z = 23*z + 505. What is the highest common factor of t and 5150?
50
Suppose 2329 = 66*b - 70*b - 3*o, 2*o = 5*b + 2917. Let a = b + 601. What is the greatest common factor of a and 192?
6
Let a be (-688)/1*(4 - 187/34). What is the greatest common divisor of 172 and a?
172
Let c = -39159 + 39231. Let d = -15 - -123. What is the greatest common divisor of c and d?
36
Suppose 98*j = -283*j + 29337. Let b(a) = 10*a**2 - a - 1. Let r be b(-1). Let s = -3 + r. What is the highest common factor of j and s?
7
Let c be (-7 - (-10 + 5) - -19) + 5. Calculate the greatest common factor of c and 121.
11
Suppose -447*f + 57850 = -358*f. What is the greatest common divisor of f and 52?
26
Suppose 3*p = 5*q - 246, -4*p = -p + 6. Suppose -180 = -q*i + 33*i. What is the greatest common divisor of 192 and i?
12
Suppose -2*l + 7*l + 145 = d, -4*d = 4*l - 556. Suppose 9*t = 4*t + 5*h + d, 4*t - h - 124 = 0. What is the greatest common divisor of 16 and t?
16
Let p be ((3/2)/(-1))/(45/(-30)). Suppose -w - p = 3. Let z be 102/w*(2/(-3) + -2). What is the highest common divisor of 34 and z?
34
Let b be 3/(12/(-656)*-1). Suppose 5*q - b + 34 = 0. Let j be 4908/27 - 2/(-9). What is the greatest common divisor of j and q?
26
Suppose 5 = -q, 4*q - 536 = -c + 2*q. What is the highest common divisor of c and 84?
42
Suppose -5*z + 5*o + 445 = 0, 179 = 2*z - 0*o - 3*o. Suppose -3*p = 3*j - 3, -16*p + 13*p - 29 = -j. What is the greatest common factor of j and z?
8
Let j be (4 - 1)*((-1)/3)/(26/(-1222)). Calculate the highest common factor of 3149 and j.
47
Let a = -7341 - -7907. What is the highest common divisor of a and 2?
2
Let i be 61502/92 - (28/8 + -2 + 0). What is the highest common factor of i and 29?
29
Suppose 4*g = -4, 2*g - g + 91 = 2*z. Let h = z - 35. Suppose 0*q = 4*q - 320. What is the greatest common divisor of q and h?
10
Suppose -x = -0*x + 4*b - 122, 2*x + 5*b - 238 = 0. Let o be (-10 - -11)*(1 + x). What is the greatest common factor of o and 184?
23
Let g(h) = -62*h**2 + 746*h + 3. Let r be g(12). What is the highest common divisor of r and 10800?
27
Suppose 0 = -4*m - 5*r + 1296, 5*r = r. Suppose -35*n + 233 + 245 = -362. What is the highest common factor of n and m?
12
Suppose 19 = 2*w + 1. Suppose w*m - 1352 = m. Suppose 0 = -9*h + 10*h - 13. Calculate the greatest common divisor of m and h.
13
Suppose -21*a - 307 = -2554. What is the greatest common factor of 9202 and a?
107
Suppose -5*w + 5*r + 129 = -w, 3*w = 2*r + 102. Suppose -46*o + 50*o = w. What is the highest common factor of 207 and o?
9
Let c(y) = y**2 + 14*y + 45. Let r be c(-24). What is the greatest common factor of 105 and r?
15
Suppose 0 = 5*k - 61 - 59. Suppose 2*c = -3*r + 3, -c - 2 + 14 = 5*r. What is the highest common factor of r and k?
3
Suppose -6*w = 4*w - 23250. Suppose 0 = -11*n + 6*n + w. Calculate the greatest common factor of n and 15.
15
Suppose 270*o + 945 = 255*o. Let s(l) = 13*l + 5. Let q be s(6). Let v = o + q. Calculate the highest common divisor of 30 and v.
10
Suppose 85*p = 1535 + 46915. What is the greatest common divisor of 912 and p?
114
Let n = -15446 + 15454. What is the highest common divisor of 6856 and n?
8
Let j(x) = 14*x - 62. Let s be j(4). Let v(w) = 37*w + 303. Let r be v(s). Calculate the highest common factor of r and 378.
27
Suppose -5*w - 3*d + 56 = 0, 23 + 19 = 3*w - d. Let r(i) = 7 + 14*i - i**2 + 7 - 5. Let x be r(w). What is the highest common divisor of 242 and x?
22
Suppose 0 = -2*u + 14*q - 11*q + 321, 3*u - 509 = -q. Calculate the greatest common divisor of 108 and u.
12
Let s(v) = -v**2 + 6. Let i be s(0). Suppose d + 150 = i*d. Let b = d - 23. What is the greatest common factor of b and 56?
7
Let v(h) = 19*h + 31. Let b be v(11). Suppose 2*x - b = 6*x. Let y be (-12 + 11)*1/2*x. Calculate the highest common factor of y and 10.
10
Let g = 105 - -15. Let b be (-18)/(-1 - (805/g)/(-7)). Calculate the greatest common factor of 16 and b.
16
Let u = -130 + 132. Suppose -5*w - 3*x = u, x + 6 = 2. What is the greatest common factor of w and 5?
1
Let h(d) = 172*d**2 + 8*d - 12. Let g be h(3). Suppose 0 = -v + 6*v, v = 4*f - g. Suppose 11*j = j + f. Calculate the greatest common divisor of 13 and j.
13
Let v be 0 + 21/3 + (-32)/8. Let h be ((-699)/(-9) + v)*27/6. What is the greatest common divisor of 33 and h?
33
Let n(s) = s**3 - 5*s**2 + 5*s - 3. Let f be n(5). Let v = 25 - f. Suppose -v*d - d = -104. What is the highest common factor of 130 and d?
26
Let f = 5087 + -5062. Suppose 0 = 2*w + w - 600. Calculate the greatest common divisor of w and f.
25
Let t(n) be the first derivative of 2*n**3/3 - 9*n**2/2 + 11*n + 13. Let k be t(5). What is the greatest common factor of k and 16?
16
Let f be (2665*5/((-1125)/36))/((-5)/75). What is the greatest common divisor of f and 312?
156
Suppose -4*d = 5*m - 21, -5*m = -d - 4*d - 30. Let l be (1 + 13)/(((-11)/11)/d). Calculate the greatest common factor of l and 2.
2
Let u be (141 - 9) + (-5)/(-5)*-3. Calculate the highest common factor of 645 and u.
129
Suppose -480 = 596*y - 598*y. What is the highest common factor of 560 and y?
80
Let p be 11/(-165)*-10 + 3 + (-422)/(-6). What is the highest common divisor of p and 24938?
74
Suppose -5*l - 18*w + 16*w + 214 = 0, 2*l + w = 85. Calculate the greatest common divisor of 4334 and l.
22
Suppose 0*l = 2*b + 3*l + 19, 10 = -5*b + 5*l. Let k be ((-1)/b*-8)/((-76)/570). Suppose -102 = -2*j + 18. What is the greatest common divisor of j and k?
12
Let t = -233 - -37. Let f = t + 300. Suppose -f = -5*u + u. What is the highest common factor of u and 65?
13
Let n(y) = 15*y - 1. Suppose 0*p + 9*p + 9 = 0. Let h be n(p). Let a = 27 + h. What is the highest common divisor of a and 143?
11
Let k = 261 - 227. Suppose x - 4*n - 80 = 0, x - 2*n - 36 = k. Calculate the highest common divisor of x and 80.
20
Let f = -60 + 63. Suppose 114 = 9*h - f*h. Let r be (11/44)/(1 - h/20). Calculate the greatest common divisor of 25 and r.
5
Let w = -2049 + 2826. Let d(r) = r**2 + 11*r - 21. Let q be d(-14). What is the highest common divisor of q and w?
21
Let n(t) = 3*t + 2. Let w be n(6). Suppose -44*v = -43*v - 7. Suppose -v*h + 18*h = 880. Calculate the greatest common factor of h and w.
20
Suppose 15*t + 18 + 27 = 0. Let y be (-6)/t - (2 + 3). Let b be y + (-30)/(-5) - -4. Calculate the highest common divisor of b and 28.
7
Let m(g) = -28*g + 0*g**2 - 20296 + 20386 - g**2. Let h be m(-29). What is the greatest common factor of 1037 and h?
61
Let m = -273 - -113. Let b be (m/(-48))/((-2)/(-3)). What is the greatest common divisor of b and 10?
5
Let q = 1187 - 1155. What is the greatest common factor of 2416 and q?
16
Let z(v) = 4*v**2 